D/dalvikvm( 872): GC freed 11 objects / 359768 bytes in 81ms
D/dalvikvm( 872): GC freed 9 objects / 360088 bytes in 138ms
D/dalvikvm( 872): GC freed 10 objects / 360600 bytes in 73ms
D/dalvikvm( 872): GC freed 10 objects / 361128 bytes in 81ms
D/dalvikvm( 872): GC freed 11 objects / 361744 bytes in 68ms
D/dalvikvm( 872): GC freed 9 objects / 362408 bytes in 73ms
D/dalvikvm( 872): GC freed 10 objects / 362744 bytes in 69ms
D/dalvikvm( 872): GC freed 10 objects / 363200 bytes in 70ms
D/dalvikvm( 872): GC freed 11 objects / 363576 bytes in 72ms
D/dalvikvm( 872): GC freed 9 objects / 363920 bytes in 70ms
D/dalvikvm( 872): GC freed 10 objects / 364432 bytes in 75ms
D/dalvikvm( 872): GC freed 10 objects / 364856 bytes in 78ms
D/dalvikvm( 872): GC freed 11 objects / 365376 bytes in 69ms
D/dalvikvm( 872): GC freed 9 objects / 365816 bytes in 83ms
D/dalvikvm( 872): GC freed 10 objects / 366432 bytes in 69ms
D/dalvikvm( 872): GC freed 10 objects / 367152 bytes in 74ms
D/dalvikvm( 872): GC freed 11 objects / 367664 bytes in 75ms
D/dalvikvm( 872): GC freed 9 objects / 368280 bytes in 67ms
D/dalvikvm( 872): GC freed 10 objects / 369064 bytes in 71ms
D/dalvikvm( 872): GC freed 10 objects / 369760 bytes in 68ms
D/dalvikvm( 872): GC freed 10 objects / 370368 bytes in 69ms
D/dalvikvm( 872): GC freed 10 objects / 370960 bytes in 72ms
D/dalvikvm( 872): GC freed 13 objects / 371824 bytes in 69ms
D/dalvikvm( 872): GC freed 10 objects / 372240 bytes in 69ms
D/dalvikvm( 872): GC freed 10 objects / 372936 bytes in 69ms
D/dalvikvm( 872): GC freed 10 objects / 373536 bytes in 79ms
D/dalvikvm( 872): GC freed 10 objects / 374056 bytes in 71ms
D/dalvikvm( 872): GC freed 10 objects / 374408 bytes in 86ms
D/dalvikvm( 872): GC freed 10 objects / 374864 bytes in 85ms
D/dalvikvm( 872): GC freed 10 objects / 375216 bytes in 65ms
D/dalvikvm( 872): GC freed 10 objects / 375568 bytes in 90ms
D/dalvikvm( 872): GC freed 10 objects / 375920 bytes in 90ms
D/dalvikvm( 872): GC freed 10 objects / 376216 bytes in 96ms
D/dalvikvm( 872): GC freed 10 objects / 376472 bytes in 90ms
D/dalvikvm( 872): GC freed 10 objects / 376744 bytes in 73ms
D/dalvikvm( 872): GC freed 10 objects / 377136 bytes in 105ms
D/dalvikvm( 872): GC freed 10 objects / 377584 bytes in 115ms
D/dalvikvm( 872): GC freed 10 objects / 378048 bytes in 127ms
D/dalvikvm( 872): GC freed 10 objects / 378424 bytes in 79ms
D/dalvikvm( 872): GC freed 10 objects / 378704 bytes in 69ms
D/dalvikvm( 872): GC freed 10 objects / 379160 bytes in 68ms
D/dalvikvm( 872): GC freed 10 objects / 379480 bytes in 70ms
D/dalvikvm( 872): GC freed 10 objects / 379928 bytes in 67ms
D/dalvikvm( 872): GC freed 10 objects / 380392 bytes in 70ms
D/dalvikvm( 872): GC freed 10 objects / 380864 bytes in 67ms
D/dalvikvm( 872): GC freed 10 objects / 381328 bytes in 67ms
D/dalvikvm( 872): GC freed 10 objects / 381776 bytes in 66ms
D/dalvikvm( 872): GC freed 10 objects / 382440 bytes in 69ms
D/dalvikvm( 872): GC freed 10 objects / 383304 bytes in 76ms
D/dalvikvm( 872): GC freed 10 objects / 383784 bytes in 92ms
D/dalvikvm( 872): GC freed 10 objects / 384144 bytes in 88ms
D/dalvikvm( 872): GC freed 10 objects / 384600 bytes in 91ms
D/dalvikvm( 872): GC freed 10 objects / 384944 bytes in 67ms
D/dalvikvm( 872): GC freed 10 objects / 385304 bytes in 70ms
D/dalvikvm( 872): GC freed 10 objects / 385656 bytes in 69ms
D/dalvikvm( 872): GC freed 10 objects / 385952 bytes in 67ms
D/dalvikvm( 872): GC freed 10 objects / 386200 bytes in 69ms
D/dalvikvm( 872): GC freed 10 objects / 386488 bytes in 68ms
D/dalvikvm( 872): GC freed 10 objects / 386880 bytes in 63ms
D/dalvikvm( 872): GC freed 10 objects / 387328 bytes in 69ms
D/dalvikvm( 872): GC freed 10 objects / 387816 bytes in 67ms
D/dalvikvm( 872): GC freed 10 objects / 388424 bytes in 71ms
D/dalvikvm( 872): GC freed 10 objects / 389024 bytes in 67ms
D/dalvikvm( 872): GC freed 10 objects / 389632 bytes in 67ms
D/dalvikvm( 872): GC freed 10 objects / 390224 bytes in 80ms
D/dalvikvm( 872): GC freed 10 objects / 390832 bytes in 64ms
D/dalvikvm( 872): GC freed 10 objects / 391312 bytes in 67ms
D/dalvikvm( 872): GC freed 10 objects / 391600 bytes in 67ms
D/dalvikvm( 872): GC freed 10 objects / 392064 bytes in 67ms
D/dalvikvm( 872): GC freed 10 objects / 392384 bytes in 69ms
D/dalvikvm( 872): GC freed 10 objects / 392968 bytes in 67ms
D/dalvikvm( 872): GC freed 10 objects / 393776 bytes in 67ms
D/dalvikvm( 872): GC freed 10 objects / 394136 bytes in 67ms
D/dalvikvm( 872): GC freed 10 objects / 394592 bytes in 70ms
D/dalvikvm( 872): GC freed 10 objects / 394936 bytes in 71ms
D/dalvikvm( 872): GC freed 10 objects / 395296 bytes in 73ms
D/dalvikvm( 872): GC freed 10 objects / 395648 bytes in 68ms
D/dalvikvm( 872): GC freed 10 objects / 395944 bytes in 75ms
D/dalvikvm( 872): GC freed 10 objects / 396192 bytes in 73ms
D/dalvikvm( 872): GC freed 10 objects / 396480 bytes in 69ms
D/dalvikvm( 872): GC freed 10 objects / 396872 bytes in 71ms
D/dalvikvm( 872): GC freed 10 objects / 397472 bytes in 68ms
D/dalvikvm( 872): GC freed 10 objects / 398296 bytes in 69ms
D/dalvikvm( 872): GC freed 10 objects / 398736 bytes in 68ms
D/dalvikvm( 872): GC freed 10 objects / 399256 bytes in 68ms
D/dalvikvm( 872): GC freed 10 objects / 400080 bytes in 83ms
D/dalvikvm( 872): GC freed 10 objects / 400936 bytes in 96ms
D/dalvikvm( 872): GC freed 10 objects / 401560 bytes in 91ms
D/dalvikvm( 872): GC freed 162 objects / 436392 bytes in 88ms
D/dalvikvm( 872): GC freed 10 objects / 291424 bytes in 80ms
D/dalvikvm( 872): GC freed 3 objects / 104 bytes in 72ms
I/dalvikvm-heap( 872): Grow heap (frag case) to 5.542MB for 173612-byte allocation
D/dalvikvm( 872): GC freed 0 objects / 0 bytes in 95ms
I/global ( 872): Default buffer size used in BufferedReader constructor. It would be better to be explicit if an 8k-char buffer is required.
D/dalvikvm( 94): GC freed 11673 objects / 524064 bytes in 124ms
D/AndroidRuntime( 884):
D/AndroidRuntime( 884): >>>>>>>>>>>>>> AndroidRuntime START <<<<<<<<<<<<<<
D/AndroidRuntime( 884): CheckJNI is ON
D/AndroidRuntime( 884): --- registering native functions ---
I/PackageManager( 52): Removing non-system package:com.andrewshu.android.reddit
D/PackageManager( 52): Removing package com.andrewshu.android.reddit
D/PackageManager( 52): Services: com.andrewshu.android.reddit.EnvelopeService
D/PackageManager( 52): Activities: com.hopper.BugReport com.andrewshu.android.reddit.ThreadsListActivity com.andrewshu.android.reddit.CommentsListActivity com.andrewshu.android.reddit.PickSubredditActivity com.andrewshu.android.reddit.SubmitLinkActivity com.andrewshu.android.reddit.InboxActivity com.andrewshu.android.reddit.ProfileActivity com.andrewshu.android.reddit.RedditPreferencesPage com.andrewshu.android.reddit.BrowserActivity
I/installd( 32): unlink /data/dalvik-cache/data@app@com.andrewshu.android.reddit.apk@classes.dex
D/ActivityManager( 52): Uninstalling process com.andrewshu.android.reddit
D/AndroidRuntime( 884): Shutting down VM
D/dalvikvm( 884): DestroyJavaVM waiting for non-daemon threads to exit
W/ResourceType( 52): Resources don't contain package for resource number 0x7f0700e5
W/ResourceType( 52): Resources don't contain package for resource number 0x7f020031
W/ResourceType( 52): Resources don't contain package for resource number 0x7f020030
W/ResourceType( 52): Resources don't contain package for resource number 0x7f050000
D/dalvikvm( 884): DestroyJavaVM shutting VM down
D/dalvikvm( 884): HeapWorker thread shutting down
D/dalvikvm( 884): HeapWorker thread has shut down
D/jdwp ( 884): JDWP shutting down net...
I/jdwp ( 884): adbd disconnected
D/dalvikvm( 884): VM cleaning up
W/ResourceType( 52): Resources don't contain package for resource number 0x7f060000
W/ResourceType( 52): Resources don't contain package for resource number 0x7f060001
E/AndroidRuntime( 884): ERROR: thread attach failed
D/dalvikvm( 884): LinearAlloc 0x0 used 612780 of 5242880 (11%)
D/dalvikvm( 97): GC freed 886 objects / 51712 bytes in 80ms
D/AndroidRuntime( 893):
D/AndroidRuntime( 893): >>>>>>>>>>>>>> AndroidRuntime START <<<<<<<<<<<<<<
D/AndroidRuntime( 893): CheckJNI is ON
D/AndroidRuntime( 893): --- registering native functions ---
D/PackageParser( 52): Scanning package: /data/app/vmdl48208.tmp
D/dalvikvm( 52): GC freed 7751 objects / 513896 bytes in 129ms
D/dalvikvm( 52): GC freed 13629 objects / 853808 bytes in 137ms
I/PackageManager( 52): /data/app/vmdl48208.tmp changed; unpacking
D/installd( 32): DexInv: --- BEGIN '/data/app/vmdl48208.tmp' ---
D/dalvikvm( 899): DexOpt: load 441ms, verify 2019ms, opt 87ms
D/installd( 32): DexInv: --- END '/data/app/vmdl48208.tmp' (success) ---
I/installd( 32): move /data/dalvik-cache/data@app@vmdl48208.tmp@classes.dex -> /data/dalvik-cache/data@app@com.andrewshu.android.reddit.apk@classes.dex
D/PackageManager( 52): New package installed in /data/app/com.andrewshu.android.reddit.apk
D/AndroidRuntime( 893): Shutting down VM
D/dalvikvm( 893): DestroyJavaVM waiting for non-daemon threads to exit
D/dalvikvm( 893): DestroyJavaVM shutting VM down
D/dalvikvm( 893): HeapWorker thread shutting down
D/dalvikvm( 893): HeapWorker thread has shut down
D/jdwp ( 893): JDWP shutting down net...
I/jdwp ( 893): adbd disconnected
D/dalvikvm( 893): VM cleaning up
E/AndroidRuntime( 893): ERROR: thread attach failed
D/dalvikvm( 893): LinearAlloc 0x0 used 621708 of 5242880 (11%)
D/dalvikvm( 52): GC freed 6455 objects / 351840 bytes in 215ms
W/ResourceType( 52): Resources don't contain package for resource number 0x7f0700e5
W/ResourceType( 52): Resources don't contain package for resource number 0x7f020031
W/ResourceType( 52): Resources don't contain package for resource number 0x7f020030
W/ResourceType( 52): Resources don't contain package for resource number 0x7f050000
W/ResourceType( 52): Resources don't contain package for resource number 0x7f060000
W/ResourceType( 52): Resources don't contain package for resource number 0x7f060001
D/dalvikvm( 212): GC freed 43 objects / 2000 bytes in 166ms
I/ActivityManager( 52): Starting activity: Intent { act=android.intent.action.MAIN cat=[android.intent.category.LAUNCHER] flg=0x10200000 cmp=com.andrewshu.android.reddit/.ThreadsListActivity }
I/ActivityManager( 52): Start proc com.andrewshu.android.reddit for activity com.andrewshu.android.reddit/.ThreadsListActivity: pid=905 uid=10029 gids={3003, 1007}
I/dalvikvm( 905): Could not find method javax.xml.datatype.DatatypeFactory.newInstance, referenced from method org.codehaus.jackson.map.ext.CoreXMLDeserializers.
W/dalvikvm( 905): VFY: unable to resolve static method 2904: Ljavax/xml/datatype/DatatypeFactory;.newInstance ()Ljavax/xml/datatype/DatatypeFactory;
D/dalvikvm( 905): VFY: replacing opcode 0x71 at 0x0000
D/dalvikvm( 905): Making a copy of Lorg/codehaus/jackson/map/ext/CoreXMLDeserializers;. code (61 bytes)
W/dalvikvm( 905): VFY: unable to resolve exception class 567 (Ljavax/xml/datatype/DatatypeConfigurationException;)
W/dalvikvm( 905): VFY: unable to find exception handler at addr 0x7
W/dalvikvm( 905): VFY: rejected Lorg/codehaus/jackson/map/ext/CoreXMLDeserializers;. ()V
W/dalvikvm( 905): VFY: rejecting opcode 0x0d at 0x0007
W/dalvikvm( 905): VFY: rejected Lorg/codehaus/jackson/map/ext/CoreXMLDeserializers;. ()V
W/dalvikvm( 905): Verifier rejected class Lorg/codehaus/jackson/map/ext/CoreXMLDeserializers;
E/dalvikvm( 905): Could not find class 'org.joda.time.DateTime', referenced from method org.codehaus.jackson.map.ext.JodaDeserializers$DateTimeDeserializer.
W/dalvikvm( 905): VFY: unable to resolve const-class 1042 (Lorg/joda/time/DateTime;) in Lorg/codehaus/jackson/map/ext/JodaDeserializers$DateTimeDeserializer;
D/dalvikvm( 905): VFY: replacing opcode 0x1c at 0x0000
D/dalvikvm( 905): Making a copy of Lorg/codehaus/jackson/map/ext/JodaDeserializers$DateTimeDeserializer;. code (28 bytes)
W/dalvikvm( 905): VFY: unable to find class referenced in signature (Lorg/joda/time/DateTime;)
E/dalvikvm( 905): Could not find class 'org.joda.time.DateTime', referenced from method org.codehaus.jackson.map.ext.JodaDeserializers$DateTimeDeserializer.deserialize
W/dalvikvm( 905): VFY: unable to resolve new-instance 1042 (Lorg/joda/time/DateTime;) in Lorg/codehaus/jackson/map/ext/JodaDeserializers$DateTimeDeserializer;
D/dalvikvm( 905): VFY: replacing opcode 0x22 at 0x0008
D/dalvikvm( 905): Making a copy of Lorg/codehaus/jackson/map/ext/JodaDeserializers$DateTimeDeserializer;.deserialize code (116 bytes)
E/dalvikvm( 905): Could not find class 'org.joda.time.DateTime', referenced from method org.codehaus.jackson.map.ext.JodaDeserializers$DateTimeDeserializer.deserialize
W/dalvikvm( 905): VFY: unable to resolve new-instance 1042 (Lorg/joda/time/DateTime;) in Lorg/codehaus/jackson/map/ext/JodaDeserializers$DateTimeDeserializer;
D/dalvikvm( 905): VFY: replacing opcode 0x22 at 0x0018
I/dalvikvm( 905): Could not find method org.joda.time.format.ISODateTimeFormat.localDateOptionalTimeParser, referenced from method org.codehaus.jackson.map.ext.JodaDeserializers$JodaDeserializer.
W/dalvikvm( 905): VFY: unable to resolve static method 6858: Lorg/joda/time/format/ISODateTimeFormat;.localDateOptionalTimeParser ()Lorg/joda/time/format/DateTimeFormatter;
D/dalvikvm( 905): VFY: replacing opcode 0x71 at 0x0000
D/dalvikvm( 905): Making a copy of Lorg/codehaus/jackson/map/ext/JodaDeserializers$JodaDeserializer;. code (32 bytes)
I/dalvikvm( 905): Could not find method org.joda.time.format.DateTimeFormatter.parseDateTime, referenced from method org.codehaus.jackson.map.ext.JodaDeserializers$JodaDeserializer.parseLocal
W/dalvikvm( 905): VFY: unable to resolve virtual method 6853: Lorg/joda/time/format/DateTimeFormatter;.parseDateTime (Ljava/lang/String;)Lorg/joda/time/DateTime;
D/dalvikvm( 905): VFY: replacing opcode 0x6e at 0x0006
D/dalvikvm( 905): Making a copy of Lorg/codehaus/jackson/map/ext/JodaDeserializers$JodaDeserializer;.parseLocal code (40 bytes)
W/dalvikvm( 905): Exception Ljava/lang/NoClassDefFoundError; thrown during Lorg/codehaus/jackson/map/ext/JodaDeserializers$JodaDeserializer;.
E/dalvikvm( 905): Could not find class 'javax.xml.datatype.Duration', referenced from method org.codehaus.jackson.map.ext.CoreXMLSerializers.
W/dalvikvm( 905): VFY: unable to resolve const-class 569 (Ljavax/xml/datatype/Duration;) in Lorg/codehaus/jackson/map/ext/CoreXMLSerializers;
D/dalvikvm( 905): VFY: replacing opcode 0x1c at 0x000b
D/dalvikvm( 905): Making a copy of Lorg/codehaus/jackson/map/ext/CoreXMLSerializers;. code (104 bytes)
W/dalvikvm( 905): Exception Ljava/lang/NoClassDefFoundError; thrown during Lorg/codehaus/jackson/map/ext/CoreXMLSerializers;.
E/dalvikvm( 905): Could not find class 'org.joda.time.DateTime', referenced from method org.codehaus.jackson.map.ext.JodaSerializers.
W/dalvikvm( 905): VFY: unable to resolve const-class 1042 (Lorg/joda/time/DateTime;) in Lorg/codehaus/jackson/map/ext/JodaSerializers;
D/dalvikvm( 905): VFY: replacing opcode 0x1c at 0x0009
D/dalvikvm( 905): Making a copy of Lorg/codehaus/jackson/map/ext/JodaSerializers;. code (128 bytes)
W/dalvikvm( 905): Exception Ljava/lang/NoClassDefFoundError; thrown during Lorg/codehaus/jackson/map/ext/JodaSerializers;.
D/dalvikvm( 905): GC freed 4738 objects / 352800 bytes in 110ms
D/DownloadThreadsTask( 905): url=http://api.reddit.com/?&
I/ActivityManager( 52): Displayed activity com.andrewshu.android.reddit/.ThreadsListActivity: 2499 ms (total 2499 ms)
D/dalvikvm( 905): GC freed 1744 objects / 115960 bytes in 170ms
E/PeekEnvelopeTask( 905): failed
E/PeekEnvelopeTask( 905): java.lang.IllegalStateException: Non-JSON-object in inbox (not logged in?)
E/PeekEnvelopeTask( 905): at com.andrewshu.android.reddit.PeekEnvelopeTask.processInboxJSON(PeekEnvelopeTask.java:100)
E/PeekEnvelopeTask( 905): at com.andrewshu.android.reddit.PeekEnvelopeTask.doInBackground(PeekEnvelopeTask.java:47)
E/PeekEnvelopeTask( 905): at com.andrewshu.android.reddit.PeekEnvelopeTask.doInBackground(PeekEnvelopeTask.java:21)
E/PeekEnvelopeTask( 905): at android.os.AsyncTask$2.call(AsyncTask.java:185)
E/PeekEnvelopeTask( 905): at java.util.concurrent.FutureTask$Sync.innerRun(FutureTask.java:305)
E/PeekEnvelopeTask( 905): at java.util.concurrent.FutureTask.run(FutureTask.java:137)
E/PeekEnvelopeTask( 905): at java.util.concurrent.ThreadPoolExecutor.runWorker(ThreadPoolExecutor.java:1068)
E/PeekEnvelopeTask( 905): at java.util.concurrent.ThreadPoolExecutor$Worker.run(ThreadPoolExecutor.java:561)
E/PeekEnvelopeTask( 905): at java.lang.Thread.run(Thread.java:1096)
D/DownloadThreadsTask( 905): Content length [sent]: 9969
D/dalvikvm( 905): GC freed 3903 objects / 587416 bytes in 90ms
D/dalvikvm( 905): GC freed 7092 objects / 408872 bytes in 83ms
D/BitmapManager( 905): image url:http://thumbs.reddit.com/t3_gqtn1.png
D/dalvikvm( 905): GC freed 1531 objects / 320736 bytes in 95ms
D/BitmapManager( 905): image url:http://thumbs.reddit.com/t3_gqqwo.png
D/dalvikvm( 905): GC freed 440 objects / 29400 bytes in 104ms
I/global ( 905): Default buffer size used in BufferedInputStream constructor. It would be better to be explicit if an 8k buffer is required.
D/dalvikvm( 905): GC freed 778 objects / 33216 bytes in 83ms
I/global ( 905): Default buffer size used in BufferedInputStream constructor. It would be better to be explicit if an 8k buffer is required.
D/dalvikvm( 872): GC freed 785 objects / 704184 bytes in 196ms
D/dalvikvm( 97): GC freed 1549 objects / 90176 bytes in 203ms
D/dalvikvm( 52): threadid=15: bogus mon 1+0>0; adjusting
D/dalvikvm( 52): threadid=15: bogus mon 1+0>0; adjusting
D/dalvikvm( 52): GC freed 29186 objects / 1423360 bytes in 224ms
D/dalvikvm( 52): threadid=15: bogus mon 1+0>0; adjusting
D/AndroidRuntime( 922):
D/AndroidRuntime( 922): >>>>>>>>>>>>>> AndroidRuntime START <<<<<<<<<<<<<<
D/AndroidRuntime( 922): CheckJNI is ON
D/AndroidRuntime( 922): --- registering native functions ---
I/PackageManager( 52): Removing non-system package:android.TestApp
D/PackageManager( 52): Removing package android.TestApp
D/PackageManager( 52): Activities: com.hopper.BugReport
I/installd( 32): unlink /data/dalvik-cache/data@app@android.TestApp.apk@classes.dex
D/dalvikvm( 52): GC freed 7441 objects / 371824 bytes in 137ms
D/ActivityManager( 52): Uninstalling process android.TestApp
D/ActivityManager( 52): Force removing process ProcessRecord{44e87518 872:android.TestApp/10026} (android.TestApp/10026)
I/Process ( 52): Sending signal. PID: 872 SIG: 9
D/AndroidRuntime( 922): Shutting down VM
D/dalvikvm( 922): DestroyJavaVM waiting for non-daemon threads to exit
D/ActivityManager( 52): Received spurious death notification for thread android.os.BinderProxy@44c93468
D/dalvikvm( 922): DestroyJavaVM shutting VM down
D/dalvikvm( 922): HeapWorker thread shutting down
D/dalvikvm( 922): HeapWorker thread has shut down
D/jdwp ( 922): JDWP shutting down net...
I/jdwp ( 922): adbd disconnected
D/dalvikvm( 922): VM cleaning up
W/ResourceType( 52): Resources don't contain package for resource number 0x7f0700e5
W/ResourceType( 52): Resources don't contain package for resource number 0x7f020031
W/ResourceType( 52): Resources don't contain package for resource number 0x7f020030
W/ResourceType( 52): Resources don't contain package for resource number 0x7f050000
E/AndroidRuntime( 922): ERROR: thread attach failed
W/ResourceType( 52): Resources don't contain package for resource number 0x7f060000
W/ResourceType( 52): Resources don't contain package for resource number 0x7f060001
D/dalvikvm( 922): LinearAlloc 0x0 used 612780 of 5242880 (11%)
D/AndroidRuntime( 931):
D/AndroidRuntime( 931): >>>>>>>>>>>>>> AndroidRuntime START <<<<<<<<<<<<<<
D/AndroidRuntime( 931): CheckJNI is ON
D/AndroidRuntime( 931): --- registering native functions ---
D/dalvikvm( 97): GC freed 884 objects / 52304 bytes in 1390ms
D/PackageParser( 52): Scanning package: /data/app/vmdl48209.tmp
D/dalvikvm( 52): GC freed 1851 objects / 159880 bytes in 121ms
I/PackageManager( 52): /data/app/vmdl48209.tmp changed; unpacking
D/installd( 32): DexInv: --- BEGIN '/data/app/vmdl48209.tmp' ---
D/dalvikvm( 937): DexOpt: load 104ms, verify 198ms, opt 9ms
D/installd( 32): DexInv: --- END '/data/app/vmdl48209.tmp' (success) ---
I/installd( 32): move /data/dalvik-cache/data@app@vmdl48209.tmp@classes.dex -> /data/dalvik-cache/data@app@android.TestApp.apk@classes.dex
D/PackageManager( 52): New package installed in /data/app/android.TestApp.apk
D/AndroidRuntime( 931): Shutting down VM
D/dalvikvm( 931): DestroyJavaVM waiting for non-daemon threads to exit
D/dalvikvm( 931): DestroyJavaVM shutting VM down
D/dalvikvm( 931): HeapWorker thread shutting down
D/dalvikvm( 931): HeapWorker thread has shut down
D/jdwp ( 931): JDWP shutting down net...
I/jdwp ( 931): adbd disconnected
D/dalvikvm( 931): VM cleaning up
E/AndroidRuntime( 931): ERROR: thread attach failed
D/dalvikvm( 931): LinearAlloc 0x0 used 621708 of 5242880 (11%)
D/dalvikvm( 52): GC freed 3685 objects / 267512 bytes in 208ms
W/ResourceType( 52): Resources don't contain package for resource number 0x7f0700e5
W/ResourceType( 52): Resources don't contain package for resource number 0x7f020031
W/ResourceType( 52): Resources don't contain package for resource number 0x7f020030
W/ResourceType( 52): Resources don't contain package for resource number 0x7f050000
W/ResourceType( 52): Resources don't contain package for resource number 0x7f060000
W/ResourceType( 52): Resources don't contain package for resource number 0x7f060001
D/AndroidRuntime( 942):
D/AndroidRuntime( 942): >>>>>>>>>>>>>> AndroidRuntime START <<<<<<<<<<<<<<
D/AndroidRuntime( 942): CheckJNI is ON
D/AndroidRuntime( 942): --- registering native functions ---
I/ActivityManager( 52): Starting activity: Intent { act=android.intent.action.MAIN flg=0x10000000 cmp=android.TestApp/com.hopper.BugReport }
D/AndroidRuntime( 942): Shutting down VM
D/dalvikvm( 942): DestroyJavaVM waiting for non-daemon threads to exit
D/dalvikvm( 942): DestroyJavaVM shutting VM down
D/dalvikvm( 942): HeapWorker thread shutting down
D/dalvikvm( 942): HeapWorker thread has shut down
D/jdwp ( 942): JDWP shutting down net...
I/jdwp ( 942): adbd disconnected
D/dalvikvm( 942): VM cleaning up
E/AndroidRuntime( 942): ERROR: thread attach failed
D/ ( 905): unable to unlink '/data/data/com.andrewshu.android.reddit/shared_prefs/com.andrewshu.android.reddit_preferences.xml.bak': No such file or directory (errno=2)
I/ActivityManager( 52): Start proc android.TestApp for activity android.TestApp/com.hopper.BugReport: pid=949 uid=10026 gids={3003, 1007}
D/dalvikvm( 942): LinearAlloc 0x0 used 637292 of 5242880 (12%)
D/AndroidRuntime( 949): Shutting down VM
W/dalvikvm( 949): threadid=3: thread exiting with uncaught exception (group=0x4001b188)
I/global ( 949): Default buffer size used in BufferedReader constructor. It would be better to be explicit if an 8k-char buffer is required.
I/global ( 949): Default buffer size used in BufferedWriter constructor. It would be better to be explicit if an 8k-char buffer is required.
E/AndroidRuntime( 949): Uncaught handler: thread main exiting due to uncaught exception
E/AndroidRuntime( 949): java.lang.RuntimeException: Unable to start activity ComponentInfo{android.TestApp/com.hopper.BugReport}: java.lang.NullPointerException
E/AndroidRuntime( 949): at android.app.ActivityThread.performLaunchActivity(ActivityThread.java:2496)
E/AndroidRuntime( 949): at android.app.ActivityThread.handleLaunchActivity(ActivityThread.java:2512)
E/AndroidRuntime( 949): at android.app.ActivityThread.access$2200(ActivityThread.java:119)
E/AndroidRuntime( 949): at android.app.ActivityThread$H.handleMessage(ActivityThread.java:1863)
E/AndroidRuntime( 949): at android.os.Handler.dispatchMessage(Handler.java:99)
E/AndroidRuntime( 949): at android.os.Looper.loop(Looper.java:123)
E/AndroidRuntime( 949): at android.app.ActivityThread.main(ActivityThread.java:4363)
E/AndroidRuntime( 949): at java.lang.reflect.Method.invokeNative(Native Method)
E/AndroidRuntime( 949): at java.lang.reflect.Method.invoke(Method.java:521)
E/AndroidRuntime( 949): at com.android.internal.os.ZygoteInit$MethodAndArgsCaller.run(ZygoteInit.java:860)
E/AndroidRuntime( 949): at com.android.internal.os.ZygoteInit.main(ZygoteInit.java:618)
E/AndroidRuntime( 949): at dalvik.system.NativeStart.main(Native Method)
E/AndroidRuntime( 949): Caused by: java.lang.NullPointerException
E/AndroidRuntime( 949): at com.hopper.BugReport.onCreate(BugReport.java:322)
E/AndroidRuntime( 949): at android.app.Instrumentation.callActivityOnCreate(Instrumentation.java:1047)
E/AndroidRuntime( 949): at android.app.ActivityThread.performLaunchActivity(ActivityThread.java:2459)
E/AndroidRuntime( 949): ... 11 more
I/Process ( 52): Sending signal. PID: 949 SIG: 3
I/dalvikvm( 949): threadid=7: reacting to signal 3
I/dalvikvm( 949): Wrote stack trace to '/data/anr/traces.txt'
I/global ( 949): Default buffer size used in BufferedReader constructor. It would be better to be explicit if an 8k-char buffer is required.
I/global ( 949): Default buffer size used in BufferedReader constructor. It would be better to be explicit if an 8k-char buffer is required.
D/dalvikvm( 949): GC freed 1813 objects / 406144 bytes in 91ms
I/global ( 949): Default buffer size used in BufferedReader constructor. It would be better to be explicit if an 8k-char buffer is required.
D/dalvikvm( 949): GC freed 629 objects / 547944 bytes in 125ms
D/dalvikvm( 949): GC freed 235 objects / 513160 bytes in 126ms
D/dalvikvm( 949): GC freed 147 objects / 501336 bytes in 86ms
D/dalvikvm( 949): GC freed 115 objects / 486808 bytes in 77ms
D/dalvikvm( 949): GC freed 98 objects / 484672 bytes in 73ms
D/dalvikvm( 949): GC freed 83 objects / 453784 bytes in 72ms
D/dalvikvm( 949): GC freed 67 objects / 411920 bytes in 71ms
D/dalvikvm( 949): GC freed 58 objects / 381104 bytes in 78ms
D/dalvikvm( 949): GC freed 65 objects / 451752 bytes in 70ms
D/dalvikvm( 949): GC freed 65 objects / 490704 bytes in 76ms
D/dalvikvm( 949): GC freed 60 objects / 469328 bytes in 70ms
D/dalvikvm( 949): GC freed 57 objects / 457192 bytes in 74ms
D/dalvikvm( 949): GC freed 57 objects / 493776 bytes in 72ms
D/dalvikvm( 949): GC freed 51 objects / 443096 bytes in 70ms
D/dalvikvm( 949): GC freed 50 objects / 460520 bytes in 73ms
D/dalvikvm( 949): GC freed 50 objects / 476216 bytes in 76ms
D/dalvikvm( 949): GC freed 49 objects / 490640 bytes in 75ms
D/dalvikvm( 949): GC freed 44 objects / 452384 bytes in 74ms
D/dalvikvm( 949): GC freed 42 objects / 441224 bytes in 73ms
D/dalvikvm( 949): GC freed 40 objects / 425968 bytes in 86ms
D/dalvikvm( 949): GC freed 38 objects / 395760 bytes in 70ms
D/dalvikvm( 949): GC freed 33 objects / 349392 bytes in 71ms
D/dalvikvm( 949): GC freed 34 objects / 382912 bytes in 64ms
D/dalvikvm( 949): GC freed 34 objects / 389856 bytes in 76ms
D/dalvikvm( 949): GC freed 34 objects / 396800 bytes in 73ms
D/dalvikvm( 949): GC freed 33 objects / 403688 bytes in 70ms
D/dalvikvm( 949): GC freed 35 objects / 410744 bytes in 67ms
D/dalvikvm( 949): GC freed 34 objects / 417632 bytes in 76ms
D/dalvikvm( 949): GC freed 33 objects / 424520 bytes in 67ms
D/dalvikvm( 949): GC freed 28 objects / 353984 bytes in 73ms
D/dalvikvm( 949): GC freed 26 objects / 327280 bytes in 67ms
D/dalvikvm( 949): GC freed 26 objects / 331184 bytes in 68ms
D/dalvikvm( 949): GC freed 26 objects / 335096 bytes in 85ms
D/dalvikvm( 949): GC freed 26 objects / 339000 bytes in 68ms
D/dalvikvm( 949): GC freed 26 objects / 342904 bytes in 70ms
D/dalvikvm( 949): GC freed 26 objects / 346808 bytes in 64ms
D/dalvikvm( 949): GC freed 26 objects / 350720 bytes in 68ms
D/dalvikvm( 949): GC freed 26 objects / 354624 bytes in 71ms
D/dalvikvm( 949): GC freed 26 objects / 358528 bytes in 67ms
D/dalvikvm( 949): GC freed 25 objects / 327792 bytes in 67ms
D/dalvikvm( 949): GC freed 26 objects / 365960 bytes in 76ms
D/dalvikvm( 949): GC freed 26 objects / 369880 bytes in 74ms
D/dalvikvm( 949): GC freed 26 objects / 373768 bytes in 70ms
D/dalvikvm( 949): GC freed 25 objects / 377632 bytes in 75ms
D/dalvikvm( 949): GC freed 26 objects / 381584 bytes in 68ms
D/dalvikvm( 949): GC freed 26 objects / 385504 bytes in 74ms
D/dalvikvm( 949): GC freed 26 objects / 389392 bytes in 68ms
D/dalvikvm( 949): GC freed 26 objects / 393312 bytes in 72ms
D/dalvikvm( 949): GC freed 26 objects / 397208 bytes in 65ms
D/dalvikvm( 949): GC freed 26 objects / 401128 bytes in 68ms
D/dalvikvm( 949): GC freed 26 objects / 405016 bytes in 73ms
D/dalvikvm( 949): GC freed 26 objects / 408960 bytes in 69ms
D/dalvikvm( 949): GC freed 26 objects / 412864 bytes in 70ms
D/dalvikvm( 949): GC freed 26 objects / 416776 bytes in 75ms
D/dalvikvm( 949): GC freed 26 objects / 420680 bytes in 66ms
D/dalvikvm( 949): GC freed 20 objects / 323168 bytes in 72ms
D/dalvikvm( 949): GC freed 18 objects / 284624 bytes in 67ms
D/dalvikvm( 949): GC freed 18 objects / 286360 bytes in 68ms
D/dalvikvm( 949): GC freed 17 objects / 246880 bytes in 77ms
D/dalvikvm( 949): GC freed 18 objects / 289576 bytes in 68ms
D/dalvikvm( 949): GC freed 19 objects / 333032 bytes in 71ms
D/dalvikvm( 949): GC freed 24 objects / 398480 bytes in 63ms
D/dalvikvm( 949): GC freed 26 objects / 444160 bytes in 67ms
D/dalvikvm( 949): GC freed 28 objects / 448152 bytes in 73ms
D/dalvikvm( 949): GC freed 26 objects / 452016 bytes in 67ms
D/dalvikvm( 949): GC freed 26 objects / 455896 bytes in 68ms
D/dalvikvm( 949): GC freed 26 objects / 459784 bytes in 75ms
D/dalvikvm( 949): GC freed 26 objects / 463704 bytes in 66ms
D/dalvikvm( 949): GC freed 26 objects / 467600 bytes in 70ms
D/dalvikvm( 949): GC freed 26 objects / 471520 bytes in 68ms
D/dalvikvm( 949): GC freed 26 objects / 475432 bytes in 68ms
D/dalvikvm( 949): GC freed 26 objects / 479352 bytes in 87ms
D/dalvikvm( 949): GC freed 20 objects / 367872 bytes in 67ms
W/ActivityManager( 52): Launch timeout has expired, giving up wake lock!
D/dalvikvm( 949): GC freed 59 objects / 325328 bytes in 77ms
D/dalvikvm( 949): GC freed 18 objects / 325488 bytes in 63ms
D/dalvikvm( 949): GC freed 18 objects / 327216 bytes in 68ms
D/dalvikvm( 949): GC freed 18 objects / 328960 bytes in 72ms
D/dalvikvm( 949): GC freed 18 objects / 330688 bytes in 68ms
D/dalvikvm( 949): GC freed 18 objects / 332432 bytes in 68ms
D/dalvikvm( 949): GC freed 18 objects / 334160 bytes in 74ms
D/dalvikvm( 949): GC freed 18 objects / 335920 bytes in 65ms
D/dalvikvm( 949): GC freed 18 objects / 337664 bytes in 69ms
W/ActivityManager( 52): Activity idle timeout for HistoryRecord{44d2f818 android.TestApp/com.hopper.BugReport}
D/dalvikvm( 949): GC freed 18 objects / 339400 bytes in 74ms
D/dalvikvm( 949): GC freed 18 objects / 341136 bytes in 68ms
D/dalvikvm( 949): GC freed 18 objects / 342872 bytes in 77ms
D/dalvikvm( 949): GC freed 18 objects / 344608 bytes in 66ms
D/dalvikvm( 949): GC freed 18 objects / 346344 bytes in 71ms
D/dalvikvm( 949): GC freed 17 objects / 298296 bytes in 62ms
D/dalvikvm( 949): GC freed 18 objects / 349560 bytes in 67ms
D/dalvikvm( 949): GC freed 18 objects / 351304 bytes in 70ms
D/dalvikvm( 949): GC freed 18 objects / 353032 bytes in 67ms
D/dalvikvm( 949): GC freed 18 objects / 354800 bytes in 66ms
D/dalvikvm( 949): GC freed 18 objects / 356536 bytes in 74ms
D/dalvikvm( 949): GC freed 18 objects / 358272 bytes in 65ms
D/dalvikvm( 949): GC freed 18 objects / 360024 bytes in 84ms
D/dalvikvm( 949): GC freed 18 objects / 361768 bytes in 88ms
D/dalvikvm( 949): GC freed 18 objects / 363496 bytes in 102ms
D/dalvikvm( 949): GC freed 18 objects / 365240 bytes in 93ms
D/dalvikvm( 949): GC freed 18 objects / 366968 bytes in 76ms
D/dalvikvm( 949): GC freed 18 objects / 368712 bytes in 65ms
D/dalvikvm( 949): GC freed 18 objects / 370440 bytes in 67ms
D/dalvikvm( 949): GC freed 18 objects / 372184 bytes in 70ms
D/dalvikvm( 949): GC freed 18 objects / 373920 bytes in 68ms
D/dalvikvm( 949): GC freed 18 objects / 375664 bytes in 68ms
D/dalvikvm( 949): GC freed 18 objects / 377416 bytes in 76ms
D/dalvikvm( 949): GC freed 17 objects / 379096 bytes in 65ms
D/dalvikvm( 949): GC freed 19 objects / 380944 bytes in 70ms
D/dalvikvm( 949): GC freed 18 objects / 382624 bytes in 67ms
D/dalvikvm( 949): GC freed 18 objects / 384360 bytes in 67ms
D/dalvikvm( 949): GC freed 18 objects / 386096 bytes in 69ms
D/dalvikvm( 949): GC freed 17 objects / 387776 bytes in 74ms
D/dalvikvm( 949): GC freed 18 objects / 389568 bytes in 69ms
D/dalvikvm( 949): GC freed 18 objects / 391304 bytes in 67ms
D/dalvikvm( 949): GC freed 18 objects / 393040 bytes in 68ms
D/dalvikvm( 949): GC freed 18 objects / 394784 bytes in 70ms
D/dalvikvm( 949): GC freed 18 objects / 396536 bytes in 69ms
D/dalvikvm( 949): GC freed 18 objects / 398280 bytes in 67ms
D/dalvikvm( 949): GC freed 18 objects / 399992 bytes in 71ms
D/dalvikvm( 949): GC freed 18 objects / 401728 bytes in 69ms
D/dalvikvm( 949): GC freed 18 objects / 403456 bytes in 68ms
D/dalvikvm( 949): GC freed 18 objects / 405192 bytes in 69ms
D/dalvikvm( 949): GC freed 18 objects / 406904 bytes in 69ms
D/dalvikvm( 949): GC freed 18 objects / 408648 bytes in 79ms
D/dalvikvm( 949): GC freed 18 objects / 410376 bytes in 74ms
D/dalvikvm( 949): GC freed 18 objects / 412104 bytes in 67ms
D/dalvikvm( 949): GC freed 20 objects / 413896 bytes in 68ms
D/dalvikvm( 949): GC freed 18 objects / 415608 bytes in 66ms
D/dalvikvm( 949): GC freed 18 objects / 417320 bytes in 69ms
D/dalvikvm( 949): GC freed 18 objects / 419048 bytes in 69ms
D/dalvikvm( 949): GC freed 18 objects / 420768 bytes in 68ms
D/dalvikvm( 949): GC freed 18 objects / 422504 bytes in 84ms
D/dalvikvm( 949): GC freed 18 objects / 424232 bytes in 69ms
D/dalvikvm( 949): GC freed 18 objects / 425968 bytes in 65ms
D/dalvikvm( 949): GC freed 18 objects / 427688 bytes in 70ms
D/dalvikvm( 949): GC freed 18 objects / 429416 bytes in 67ms
D/dalvikvm( 949): GC freed 18 objects / 431144 bytes in 80ms
D/dalvikvm( 949): GC freed 18 objects / 432888 bytes in 72ms
D/dalvikvm( 949): GC freed 18 objects / 434600 bytes in 71ms
D/dalvikvm( 949): GC freed 18 objects / 436336 bytes in 67ms
D/dalvikvm( 949): GC freed 18 objects / 438072 bytes in 67ms
D/dalvikvm( 949): GC freed 18 objects / 439808 bytes in 67ms
D/dalvikvm( 949): GC freed 18 objects / 441536 bytes in 68ms
D/dalvikvm( 949): GC freed 18 objects / 443272 bytes in 66ms
D/dalvikvm( 949): GC freed 18 objects / 444984 bytes in 71ms
D/dalvikvm( 949): GC freed 18 objects / 446728 bytes in 69ms
D/dalvikvm( 949): GC freed 18 objects / 448456 bytes in 65ms
D/dalvikvm( 949): GC freed 18 objects / 450184 bytes in 69ms
D/dalvikvm( 949): GC freed 12 objects / 290344 bytes in 90ms
D/dalvikvm( 949): GC freed 10 objects / 226320 bytes in 77ms
D/dalvikvm( 949): GC freed 16 objects / 388928 bytes in 72ms
D/dalvikvm( 949): GC freed 12 objects / 292576 bytes in 79ms
D/dalvikvm( 949): GC freed 16 objects / 391168 bytes in 66ms
D/dalvikvm( 949): GC freed 12 objects / 294248 bytes in 66ms
D/dalvikvm( 949): GC freed 16 objects / 393392 bytes in 79ms
D/dalvikvm( 949): GC freed 12 objects / 295928 bytes in 67ms
D/dalvikvm( 949): GC freed 16 objects / 395624 bytes in 76ms
D/dalvikvm( 949): GC freed 12 objects / 297600 bytes in 75ms
D/dalvikvm( 949): GC freed 16 objects / 397856 bytes in 65ms
D/dalvikvm( 949): GC freed 12 objects / 299272 bytes in 88ms
D/dalvikvm( 949): GC freed 16 objects / 400096 bytes in 66ms
D/dalvikvm( 949): GC freed 12 objects / 300976 bytes in 67ms
D/dalvikvm( 949): GC freed 16 objects / 402360 bytes in 72ms
D/dalvikvm( 949): GC freed 12 objects / 302656 bytes in 79ms
D/dalvikvm( 949): GC freed 16 objects / 404592 bytes in 67ms
D/dalvikvm( 212): GC freed 43 objects / 1984 bytes in 1351ms
D/dalvikvm( 949): GC freed 12 objects / 304328 bytes in 73ms
D/dalvikvm( 949): GC freed 16 objects / 406824 bytes in 65ms
D/dalvikvm( 949): GC freed 12 objects / 306000 bytes in 69ms
D/dalvikvm( 949): GC freed 16 objects / 409064 bytes in 67ms
D/dalvikvm( 949): GC freed 12 objects / 307672 bytes in 66ms
D/dalvikvm( 949): GC freed 16 objects / 411288 bytes in 72ms
D/dalvikvm( 949): GC freed 12 objects / 309352 bytes in 65ms
D/dalvikvm( 949): GC freed 16 objects / 413520 bytes in 66ms
D/dalvikvm( 949): GC freed 12 objects / 311024 bytes in 69ms
D/dalvikvm( 949): GC freed 16 objects / 415752 bytes in 67ms
D/dalvikvm( 949): GC freed 12 objects / 312696 bytes in 78ms
D/dalvikvm( 949): GC freed 16 objects / 417992 bytes in 72ms
D/dalvikvm( 949): GC freed 12 objects / 314368 bytes in 69ms
D/dalvikvm( 949): GC freed 16 objects / 420216 bytes in 70ms
D/dalvikvm( 949): GC freed 12 objects / 316048 bytes in 66ms
D/dalvikvm( 949): GC freed 16 objects / 422448 bytes in 66ms
D/dalvikvm( 949): GC freed 12 objects / 317720 bytes in 69ms
D/dalvikvm( 949): GC freed 16 objects / 424680 bytes in 65ms
D/dalvikvm( 949): GC freed 11 objects / 248408 bytes in 71ms
D/dalvikvm( 949): GC freed 10 objects / 248784 bytes in 70ms
D/dalvikvm( 949): GC freed 11 objects / 320456 bytes in 63ms
D/dalvikvm( 949): GC freed 10 objects / 249776 bytes in 68ms
D/dalvikvm( 949): GC freed 10 objects / 250208 bytes in 66ms
D/dalvikvm( 949): GC freed 9 objects / 179040 bytes in 75ms
D/dalvikvm( 949): GC freed 10 objects / 250968 bytes in 69ms
D/dalvikvm( 949): GC freed 10 objects / 251384 bytes in 72ms
D/dalvikvm( 949): GC freed 10 objects / 251824 bytes in 67ms
D/dalvikvm( 949): GC freed 10 objects / 252256 bytes in 67ms
D/dalvikvm( 949): GC freed 10 objects / 252696 bytes in 67ms
D/dalvikvm( 949): GC freed 10 objects / 253120 bytes in 69ms
D/dalvikvm( 949): GC freed 10 objects / 253560 bytes in 83ms
D/dalvikvm( 949): GC freed 10 objects / 253992 bytes in 85ms
D/dalvikvm( 949): GC freed 10 objects / 254432 bytes in 83ms
D/dalvikvm( 949): GC freed 10 objects / 254856 bytes in 78ms
D/dalvikvm( 949): GC freed 10 objects / 255296 bytes in 71ms
D/dalvikvm( 949): GC freed 10 objects / 255728 bytes in 69ms
D/dalvikvm( 949): GC freed 10 objects / 256168 bytes in 78ms
D/dalvikvm( 949): GC freed 10 objects / 256600 bytes in 72ms
D/dalvikvm( 949): GC freed 10 objects / 257024 bytes in 69ms
D/dalvikvm( 949): GC freed 10 objects / 257480 bytes in 67ms
D/dalvikvm( 949): GC freed 10 objects / 258008 bytes in 65ms
D/dalvikvm( 949): GC freed 10 objects / 258568 bytes in 66ms
D/dalvikvm( 949): GC freed 10 objects / 259424 bytes in 69ms
D/dalvikvm( 949): GC freed 10 objects / 259808 bytes in 66ms
D/dalvikvm( 949): GC freed 10 objects / 260088 bytes in 68ms
D/dalvikvm( 949): GC freed 10 objects / 260552 bytes in 69ms
D/dalvikvm( 949): GC freed 10 objects / 260880 bytes in 68ms
D/dalvikvm( 949): GC freed 10 objects / 261352 bytes in 69ms
D/dalvikvm( 949): GC freed 10 objects / 261896 bytes in 82ms
D/dalvikvm( 949): GC freed 14 objects / 263360 bytes in 76ms
D/dalvikvm( 949): GC freed 10 objects / 263816 bytes in 69ms
D/dalvikvm( 949): GC freed 10 objects / 266120 bytes in 72ms
D/dalvikvm( 949): GC freed 10 objects / 266776 bytes in 85ms
D/dalvikvm( 949): GC freed 10 objects / 267232 bytes in 75ms
D/dalvikvm( 949): GC freed 10 objects / 267584 bytes in 84ms
D/dalvikvm( 949): GC freed 10 objects / 268112 bytes in 80ms
D/dalvikvm( 949): GC freed 10 objects / 268728 bytes in 70ms
D/dalvikvm( 949): GC freed 10 objects / 269320 bytes in 85ms
D/dalvikvm( 949): GC freed 10 objects / 269936 bytes in 66ms
D/dalvikvm( 949): GC freed 10 objects / 270448 bytes in 79ms
D/dalvikvm( 949): GC freed 10 objects / 270808 bytes in 72ms
D/dalvikvm( 949): GC freed 10 objects / 271152 bytes in 80ms
D/dalvikvm( 949): GC freed 10 objects / 271504 bytes in 77ms
D/dalvikvm( 949): GC freed 10 objects / 271808 bytes in 72ms
D/dalvikvm( 949): GC freed 10 objects / 272064 bytes in 79ms
D/dalvikvm( 949): GC freed 10 objects / 272400 bytes in 68ms
D/dalvikvm( 949): GC freed 10 objects / 273016 bytes in 66ms
D/dalvikvm( 949): GC freed 10 objects / 273536 bytes in 84ms
D/dalvikvm( 949): GC freed 10 objects / 273928 bytes in 69ms
D/dalvikvm( 949): GC freed 10 objects / 274376 bytes in 73ms
D/dalvikvm( 949): GC freed 10 objects / 274736 bytes in 74ms
D/dalvikvm( 905): GC freed 889 objects / 116328 bytes in 1891ms
D/dalvikvm( 949): GC freed 10 objects / 275016 bytes in 80ms
D/dalvikvm( 949): GC freed 10 objects / 275480 bytes in 82ms
D/dalvikvm( 949): GC freed 10 objects / 275808 bytes in 66ms
D/dalvikvm( 949): GC freed 10 objects / 276248 bytes in 80ms
D/dalvikvm( 949): GC freed 10 objects / 276704 bytes in 74ms
D/dalvikvm( 949): GC freed 10 objects / 277168 bytes in 68ms
D/dalvikvm( 949): GC freed 10 objects / 277632 bytes in 66ms
D/dalvikvm( 949): GC freed 10 objects / 278096 bytes in 68ms
D/dalvikvm( 949): GC freed 10 objects / 278568 bytes in 66ms
D/dalvikvm( 949): GC freed 10 objects / 279032 bytes in 70ms
D/dalvikvm( 949): GC freed 10 objects / 279712 bytes in 67ms
D/dalvikvm( 949): GC freed 10 objects / 280672 bytes in 74ms
D/dalvikvm( 949): GC freed 10 objects / 281216 bytes in 65ms
D/dalvikvm( 949): GC freed 10 objects / 281576 bytes in 68ms
D/dalvikvm( 949): GC freed 10 objects / 282032 bytes in 69ms
D/dalvikvm( 949): GC freed 10 objects / 282376 bytes in 68ms
D/dalvikvm( 949): GC freed 10 objects / 282736 bytes in 76ms
D/dalvikvm( 949): GC freed 10 objects / 283088 bytes in 70ms
D/dalvikvm( 949): GC freed 10 objects / 283392 bytes in 72ms
D/dalvikvm( 949): GC freed 10 objects / 283632 bytes in 67ms
D/dalvikvm( 949): GC freed 10 objects / 283920 bytes in 65ms
D/dalvikvm( 949): GC freed 10 objects / 284312 bytes in 68ms
D/dalvikvm( 949): GC freed 10 objects / 284760 bytes in 69ms
D/dalvikvm( 949): GC freed 10 objects / 285248 bytes in 74ms
D/dalvikvm( 949): GC freed 10 objects / 285864 bytes in 72ms
D/dalvikvm( 949): GC freed 10 objects / 286456 bytes in 72ms
D/dalvikvm( 949): GC freed 10 objects / 287072 bytes in 63ms
D/dalvikvm( 949): GC freed 10 objects / 287656 bytes in 69ms
D/dalvikvm( 949): GC freed 10 objects / 288272 bytes in 66ms
D/dalvikvm( 949): GC freed 10 objects / 288824 bytes in 67ms
D/dalvikvm( 949): GC freed 10 objects / 289504 bytes in 70ms
D/dalvikvm( 949): GC freed 10 objects / 290816 bytes in 72ms
D/dalvikvm( 949): GC freed 10 objects / 291992 bytes in 67ms
D/dalvikvm( 949): GC freed 9 objects / 293080 bytes in 68ms
D/dalvikvm( 949): GC freed 10 objects / 294008 bytes in 66ms
D/dalvikvm( 949): GC freed 11 objects / 294568 bytes in 66ms
D/dalvikvm( 949): GC freed 9 objects / 295256 bytes in 71ms
D/dalvikvm( 949): GC freed 11 objects / 296080 bytes in 68ms
D/dalvikvm( 949): GC freed 3 objects / 84664 bytes in 73ms
D/dalvikvm( 949): GC freed 9 objects / 211944 bytes in 64ms
D/dalvikvm( 949): GC freed 10 objects / 297176 bytes in 67ms
D/dalvikvm( 949): GC freed 10 objects / 297656 bytes in 70ms
D/dalvikvm( 949): GC freed 10 objects / 298344 bytes in 69ms
D/dalvikvm( 949): GC freed 9 objects / 299096 bytes in 77ms
D/dalvikvm( 949): GC freed 10 objects / 300288 bytes in 66ms
D/dalvikvm( 949): GC freed 11 objects / 301256 bytes in 73ms
D/dalvikvm( 949): GC freed 9 objects / 301680 bytes in 66ms
D/dalvikvm( 949): GC freed 11 objects / 302632 bytes in 67ms
D/dalvikvm( 949): GC freed 3 objects / 86576 bytes in 71ms
D/dalvikvm( 949): GC freed 9 objects / 216864 bytes in 68ms
D/dalvikvm( 949): GC freed 10 objects / 304552 bytes in 66ms
D/dalvikvm( 949): GC freed 10 objects / 305464 bytes in 68ms
D/dalvikvm( 949): GC freed 10 objects / 306016 bytes in 71ms
D/dalvikvm( 949): GC freed 9 objects / 306976 bytes in 65ms
D/dalvikvm( 949): GC freed 10 objects / 308192 bytes in 65ms
D/dalvikvm( 949): GC freed 11 objects / 309160 bytes in 72ms
D/dalvikvm( 949): GC freed 9 objects / 309736 bytes in 75ms
D/dalvikvm( 949): GC freed 11 objects / 311216 bytes in 74ms
D/dalvikvm( 949): GC freed 3 objects / 89144 bytes in 71ms
D/dalvikvm( 949): GC freed 9 objects / 223056 bytes in 63ms
D/dalvikvm( 949): GC freed 10 objects / 312688 bytes in 68ms
D/dalvikvm( 949): GC freed 10 objects / 313712 bytes in 66ms
D/dalvikvm( 949): GC freed 10 objects / 314992 bytes in 66ms
D/dalvikvm( 949): GC freed 9 objects / 315872 bytes in 82ms
D/dalvikvm( 949): GC freed 10 objects / 316464 bytes in 85ms
D/dalvikvm( 949): GC freed 11 objects / 317464 bytes in 102ms
D/dalvikvm( 949): GC freed 9 objects / 318408 bytes in 77ms
D/dalvikvm( 949): GC freed 11 objects / 319552 bytes in 80ms
D/dalvikvm( 949): GC freed 3 objects / 91480 bytes in 77ms
D/dalvikvm( 949): GC freed 9 objects / 228904 bytes in 80ms
D/dalvikvm( 949): GC freed 10 objects / 320840 bytes in 70ms
D/dalvikvm( 949): GC freed 13 objects / 321928 bytes in 62ms
D/dalvikvm( 949): GC freed 9 objects / 322568 bytes in 67ms
D/dalvikvm( 949): GC freed 10 objects / 323624 bytes in 78ms
D/dalvikvm( 949): GC freed 4 objects / 92704 bytes in 68ms
I/dalvikvm-heap( 949): Grow heap (frag case) to 3.917MB for 92702-byte allocation
D/dalvikvm( 949): GC freed 0 objects / 0 bytes in 91ms
D/dalvikvm( 949): GC freed 7 objects / 231768 bytes in 79ms
D/dalvikvm( 949): GC freed 10 objects / 324920 bytes in 69ms
D/dalvikvm( 949): GC freed 11 objects / 418920 bytes in 64ms
D/dalvikvm( 949): GC freed 9 objects / 233312 bytes in 67ms
D/dalvikvm( 949): GC freed 10 objects / 326944 bytes in 69ms
D/dalvikvm( 949): GC freed 10 objects / 327488 bytes in 65ms
D/dalvikvm( 949): GC freed 10 objects / 328216 bytes in 68ms
D/dalvikvm( 949): GC freed 10 objects / 328600 bytes in 73ms
D/dalvikvm( 949): GC freed 10 objects / 328992 bytes in 67ms
D/dalvikvm( 949): GC freed 9 objects / 329672 bytes in 67ms
D/dalvikvm( 949): GC freed 11 objects / 330624 bytes in 64ms
D/dalvikvm( 949): GC freed 10 objects / 331408 bytes in 63ms
D/dalvikvm( 949): GC freed 10 objects / 332136 bytes in 67ms
D/dalvikvm( 949): GC freed 9 objects / 332680 bytes in 65ms
D/dalvikvm( 949): GC freed 11 objects / 333464 bytes in 68ms
D/dalvikvm( 949): GC freed 10 objects / 334072 bytes in 62ms
D/dalvikvm( 949): GC freed 10 objects / 334832 bytes in 65ms
D/dalvikvm( 949): GC freed 9 objects / 335480 bytes in 68ms
D/dalvikvm( 949): GC freed 11 objects / 336064 bytes in 65ms
D/dalvikvm( 949): GC freed 10 objects / 336424 bytes in 74ms
D/dalvikvm( 949): GC freed 10 objects / 336872 bytes in 69ms
D/dalvikvm( 949): GC freed 9 objects / 337280 bytes in 71ms
D/dalvikvm( 949): GC freed 11 objects / 337880 bytes in 63ms
D/dalvikvm( 949): GC freed 10 objects / 338288 bytes in 67ms
D/dalvikvm( 949): GC freed 10 objects / 338776 bytes in 67ms
D/dalvikvm( 949): GC freed 9 objects / 339312 bytes in 68ms
D/dalvikvm( 949): GC freed 11 objects / 340280 bytes in 66ms
D/dalvikvm( 949): GC freed 10 objects / 340800 bytes in 66ms
D/dalvikvm( 949): GC freed 10 objects / 341656 bytes in 71ms
D/dalvikvm( 949): GC freed 9 objects / 342048 bytes in 63ms
D/dalvikvm( 949): GC freed 11 objects / 342592 bytes in 67ms
D/dalvikvm( 949): GC freed 10 objects / 342952 bytes in 68ms
D/dalvikvm( 949): GC freed 10 objects / 343368 bytes in 67ms
D/dalvikvm( 949): GC freed 9 objects / 343768 bytes in 66ms
D/dalvikvm( 949): GC freed 11 objects / 344232 bytes in 66ms
D/dalvikvm( 949): GC freed 10 objects / 344456 bytes in 72ms
D/dalvikvm( 949): GC freed 10 objects / 344920 bytes in 67ms
D/dalvikvm( 949): GC freed 9 objects / 345192 bytes in 64ms
D/dalvikvm( 949): GC freed 11 objects / 345752 bytes in 65ms
D/dalvikvm( 949): GC freed 10 objects / 346152 bytes in 68ms
D/dalvikvm( 949): GC freed 10 objects / 346576 bytes in 66ms
D/dalvikvm( 949): GC freed 9 objects / 346984 bytes in 69ms
D/dalvikvm( 949): GC freed 11 objects / 347648 bytes in 67ms
D/dalvikvm( 949): GC freed 10 objects / 348048 bytes in 64ms
D/dalvikvm( 949): GC freed 10 objects / 348600 bytes in 64ms
D/dalvikvm( 949): GC freed 9 objects / 349264 bytes in 69ms
D/dalvikvm( 949): GC freed 11 objects / 349720 bytes in 74ms
D/dalvikvm( 949): GC freed 10 objects / 350016 bytes in 67ms
D/dalvikvm( 949): GC freed 10 objects / 350584 bytes in 66ms
D/dalvikvm( 949): GC freed 9 objects / 351168 bytes in 61ms
D/dalvikvm( 949): GC freed 11 objects / 351624 bytes in 67ms
D/dalvikvm( 949): GC freed 10 objects / 351928 bytes in 64ms
D/dalvikvm( 949): GC freed 10 objects / 352280 bytes in 64ms
D/dalvikvm( 949): GC freed 9 objects / 352528 bytes in 69ms
D/dalvikvm( 949): GC freed 11 objects / 352880 bytes in 65ms
D/dalvikvm( 949): GC freed 10 objects / 353168 bytes in 70ms
D/dalvikvm( 949): GC freed 10 objects / 353776 bytes in 66ms
D/dalvikvm( 949): GC freed 9 objects / 354320 bytes in 66ms
D/dalvikvm( 949): GC freed 11 objects / 355032 bytes in 89ms
D/dalvikvm( 949): GC freed 10 objects / 355512 bytes in 85ms
D/dalvikvm( 949): GC freed 10 objects / 355944 bytes in 89ms
D/dalvikvm( 949): GC freed 9 objects / 356496 bytes in 92ms
D/dalvikvm( 949): GC freed 11 objects / 357168 bytes in 61ms
D/dalvikvm( 949): GC freed 10 objects / 357480 bytes in 69ms
D/dalvikvm( 949): GC freed 10 objects / 357760 bytes in 65ms
D/dalvikvm( 949): GC freed 9 objects / 358160 bytes in 72ms
D/dalvikvm( 949): GC freed 11 objects / 358600 bytes in 64ms
D/dalvikvm( 949): GC freed 10 objects / 358984 bytes in 65ms
D/dalvikvm( 949): GC freed 10 objects / 359432 bytes in 71ms
D/dalvikvm( 949): GC freed 9 objects / 359832 bytes in 62ms
D/dalvikvm( 949): GC freed 11 objects / 360416 bytes in 65ms
D/dalvikvm( 949): GC freed 10 objects / 360832 bytes in 68ms
D/dalvikvm( 949): GC freed 10 objects / 361288 bytes in 74ms
D/dalvikvm( 949): GC freed 9 objects / 361688 bytes in 65ms
D/dalvikvm( 949): GC freed 11 objects / 362448 bytes in 68ms
D/dalvikvm( 949): GC freed 10 objects / 363272 bytes in 70ms
D/dalvikvm( 949): GC freed 10 objects / 363752 bytes in 68ms
D/dalvikvm( 949): GC freed 9 objects / 364048 bytes in 64ms
D/dalvikvm( 949): GC freed 11 objects / 364616 bytes in 67ms
D/dalvikvm( 949): GC freed 10 objects / 364912 bytes in 68ms
D/dalvikvm( 949): GC freed 10 objects / 365264 bytes in 65ms
D/dalvikvm( 949): GC freed 9 objects / 365560 bytes in 82ms
D/dalvikvm( 949): GC freed 11 objects / 365976 bytes in 66ms
D/dalvikvm( 949): GC freed 10 objects / 366168 bytes in 65ms
D/dalvikvm( 949): GC freed 10 objects / 366440 bytes in 68ms
D/dalvikvm( 949): GC freed 9 objects / 366776 bytes in 65ms
D/dalvikvm( 949): GC freed 11 objects / 367336 bytes in 77ms
D/dalvikvm( 949): GC freed 10 objects / 367784 bytes in 68ms
